True
Is 12149 composite?
False
Is 92641 a composite number?
False
Is 13081 a composite number?
True
Is 979 prime?
False
Is 119489 prime?
True
Is 6469 prime?
True
Is 10859 composite?
False
Is 4803 a composite number?
True
Is 87911 a composite number?
False
Is 13097 a prime number?
False
Is 192137 composite?
True
Is 55997 composite?
False
Is 2081 a composite number?
False
Is 43933 prime?
True
Is 2903 a composite number?
False
Is 139811 prime?
False
Is 20287 a composite number?
False
Is 187 prime?
False
Is 15401 a prime number?
True
Is 10979 a composite number?
False
Is 23249 a composite number?
True
Is 75289 a composite number?
False
Is 186211 a prime number?
True
Is 2515 a composite number?
True
Is 108245 a prime number?
False
Is 11963 composite?
True
Is 66581 prime?
False
Is 6323 prime?
True
Is 124759 a composite number?
False
Is 1385 a prime number?
False
Is 13093 a composite number?
False
Is 22013 a prime number?
True
Is 74771 a prime number?
True
Is 133571 a composite number?
False
Is 31765 composite?
True
Is 220553 prime?
True
Is 30311 prime?
False
Is 23687 a prime number?
True
Is 7069 prime?
True
Is 155 a composite number?
True
Is 265645 a prime number?
False
Is 3251 a composite number?
False
Is 268097 a prime number?
False
Is 2189 a composite number?
True
Is 733483 composite?
True
Is 114539 composite?
True
Is 204233 composite?
False
Is 74569 prime?
False
Is 46609 a prime number?
False
Is 445883 composite?
False
Is 23149 a prime number?
False
Is 88823 a prime number?
False
Is 969895 a prime number?
False
Is 67927 composite?
False
Is 111143 prime?
True
Is 62813 a prime number?
False
Is 134338 a composite number?
True
Is 35311 a composite number?
False
Is 229219 prime?
False
Is 844345 a composite number?
True
Is 218783 composite?
False
Is 49309 a composite number?
True
Is 2705 prime?
False
Is 20849 prime?
True
Is 731567 prime?
True
Is 8329 composite?
False
Is 592517 prime?
True
Is 210823 a prime number?
True
Is 527699 prime?
True
Is 62209 composite?
True
Is 84883 a prime number?
False
Is 61955 a prime number?
False
Is 505759 prime?
True
Is 37189 a composite number?
False
Is 809549 prime?
False
Is 2773 composite?
True
Is 8501 a composite number?
False
Is 7981 a composite number?
True
Is 156973 a composite number?
True
Is 40537 prime?
False
Is 2503 prime?
True
Is 11027 a prime number?
True
Is 21829 a prime number?
False
Is 1247 composite?
True
Is 37577 prime?
False
Is 16411 a prime number?
True
Is 917 prime?
False
Is 1547641 a prime number?
True
Is 50989 composite?
False
Is 37913 prime?
False
Is 19715 a composite number?
True
Is 4169 composite?
True
Is 37799 composite?
False
Is 797 composite?
False
Is 289145 a composite number?
True
Is 10903 prime?
True
Is 891221 prime?
False
Is 239357 composite?
False
Is 12791 a prime number?
True
Is 257 a prime number?
True
Is 31417 a composite number?
True
Is 10641 a composite number?
True
Is 39451 composite?
False
Is 53722 prime?
False
Is 30983 composite?
False
Is 2081 a composite number?
False
Is 7534 prime?
False
Is 84241 composite?
True
Is 120643 a composite number?
True
Is 347161 prime?
True
Is 3569 prime?
False
Is 274099 a prime number?
False
Is 151469 prime?
False
Is 39521 a composite number?
False
Is 787 a composite number?
False
Is 234965 prime?
False
Is 9293 a prime number?
True
Is 36789 prime?
False
Is 3433 a composite number?
False
Is 9151 a prime number?
True
Is 65207 a composite number?
True
Is 3793 a composite number?
False
Is 5897 a composite number?
False
Is 31767 a prime number?
False
Is 3587 a prime number?
False
Is 3674029 a composite number?
False
Is 166197 a composite number?
True
Is 3959 composite?
True
Is 166343 a composite number?
True
Is 11389 a composite number?
True
Is 475141 a prime number?
True
Is 10334 composite?
True
Is 42095 composite?
True
Is 36187 a prime number?
True
Is 67511 composite?
False
Is 19973 a prime number?
True
Is 641287 a composite number?
False
Is 5509 a composite number?
True
Is 4169 prime?
False
Is 4861 a composite number?
False
Is 154229 composite?
False
Is 147037 a prime number?
False
Is 31427 a composite number?
True
Is 69761 a composite number?
False
Is 128653 a prime number?
False
Is 24197 a composite number?
False
Is 4271 composite?
False
Is 908927 a prime number?
True
Is 208291 prime?
True
Is 1004027 a prime number?
True
Is 244389 a prime number?
False
Is 465005 composite?
True
Is 64867 composite?
True
Is 32177 composite?
True
Is 1574743 a prime number?
False
Is 1934 prime?
False
Is 684583 composite?
True
Is 9311 a composite number?
False
Is 126173 a composite number?
False
Is 629113 prime?
True
Is 2722 a composite number?
True
Is 5447 a composite number?
True
Is 609487 prime?
True
Is 1987 prime?
True
Is 1293 a prime number?
False
Is 4171 a composite number?
True
Is 172871 composite?
False
Is 71494 composite?
True
Is 240421 a prime number?
True
Is 540509 composite?
False
Is 24623 composite?
False
Is 2917 a prime number?
True
Is 217979 prime?
True
Is 10617 composite?
True
Is 12659 a composite number?
False
Is 114805 prime?
False
Is 2581 prime?
False
Is 28709 a composite number?
True
Is 121083 a prime number?
False
Is 35963 a composite number?
False
Is 3407 a prime number?
True
Is 54037 composite?
False
Is 4033 composite?
True
Is 2741 prime?
True
Is 754399 a prime number?
True
Is 1065751 a composite number?
True
Is 23951 a composite number?
True
Is 268829 a prime number?
False
Is 421753 prime?
False
Is 26831 prime?
False
Is 427781 a composite number?
False
Is 5737 a prime number?
True
Is 480443 composite?
True
Is 81071 composite?
False
Is 45943 a prime number?
True
Is 8907 a composite number?
True
Is 206282 composite?
True
Is 805379 prime?
False
Is 126397 prime?
True
Is 705191 composite?
False
Is 427991 a prime number?
True
Is 11303 prime?
False
Is 18349 a composite number?
True
Is 364757 a composite number?
True
Is 6449 composite?
False
Is 354741 a composite number?
True
Is 1549121 a composite number?
True
Is 25841 a composite number?
False
Is 45247 a composite number?
False
Is 4265 composite?
True
Is 130969 a prime number?
True
Is 19167 prime?
False
Is 6247 a composite number?
False
Is 297821 a composite number?
True
Is 18077 composite?
False
Is 179981 composite?
False
Is 242331 prime?
False
Is 2416117 composite?
True
Is 130927 composite?
False
Is 16129 a prime number?
False
Is 227705 composite?
True
Is 11885 composite?
True
Is 921 composite?
True
Is 1944509 a prime number?
False
Is 28901 a composite number?
False
Is 159307 a composite number?
True
Is 24559 a prime number?
False
Is 112787 a prime number?
True
Is 159439 composite?
True
Is 10301 prime?
True
Is 11401 prime?
False
Is 6503 prime?
False
Is 624289 a composite number?
True
Is 9407 a prime number?
False
Is 8161 a composite number?
False
Is 102343 composite?
True
Is 392699 prime?
True
Is 64373 a composite number?
False
Is 704521 composite?
False
Is 1801 composite?
False
Is 103481 a composite number?
True
Is 98493 a prime number?
False
Is 129169 a composite number?
False
Is 13399 a composite number?
False
Is 100847 prime?
True
Is 13327 composite?
False
Is 267347 a composite number?
True
Is 1847887 a prime number?
True
Is 9899 composite?
True
Is 1379857 a prime number?
True
Is 21467 prime?
True
Is 9247 prime?
False
Is 31013 a prime number?
True
Is 2418499 a composite number?
True
Is 157517 a prime number?
False
Is 17539 prime?
True
Is 293 composite?
False
Is 26997 a prime number?
False
Is 2719 a prime number?
True
Is 5006 a prime number?
False
Is 54941 a prime number?
True
Is 107187 composite?
True
Is 182333 composite?
False
Is 1761 a composite number?
True
Is 58637 prime?
False
Is 581683 composite?
False
Is 16183 a prime number?
True
Is 45007 a composite number?
False
Is 109163 composite?
True
Is 1409 a composite number?
False
Is 410523 composite?
True
Is 2803369 prime?
True
Is 41201 prime?
True
Is 318827 a composite number?
True
Is 10435 composite?
True
Is 446387 a prime number?
True
Is 1327 a composite number?
False
Is 1307653 a composite number?
True
Is 5027 composite?
True
Is 20873 composite?
False
Is 139319 a prime number?
False
Is 17211313 prime?
False
Is 22405 a prime number?
False
Is 6449 a composite number?
False
Is 49639 a prime number?
True
Is 8807 a prime number?
True
Is 12049